s -67465 + -2?
-67467
In base 10, what is -440107 + 1?
-440106
In base 13, what is 46 - 148?
-102
In base 10, what is -5407 + 49?
-5358
In base 2, what is -1 - -1011000001000101?
1011000001000100
In base 16, what is -4 - -19d5?
19d1
In base 3, what is -2221 - -110212210?
110202212
In base 9, what is 10760 + 4?
10764
In base 4, what is 111131 + 120?
111311
In base 10, what is 10161 - 8?
10153
In base 10, what is -33538 - 2?
-33540
In base 4, what is 1011311311 + -11?
1011311300
In base 2, what is -100011001 + -1100010000100?
-1100110011101
In base 9, what is -31671 + 7?
-31663
In base 9, what is -1020 - 1886?
-3016
In base 13, what is -3a6 + -32?
-408
In base 13, what is 1103 - -49a?
15a0
In base 12, what is 2 + 490a5?
490a7
In base 4, what is 122 + 30020?
30202
In base 2, what is 11011100110011111 - 11000?
11011100110000111
In base 11, what is 681 + -92?
59a
In base 16, what is -4 + 26d4?
26d0
In base 14, what is 193d2 - 2?
193d0
In base 4, what is -2020 + 10103?
2023
In base 13, what is -8c674 + -1?
-8c675
In base 8, what is -25 + -1164?
-1211
In base 14, what is 326 + -9?
31b
In base 12, what is 0 - -512b5?
512b5
In base 3, what is -1 - 21101101120?
-21101101121
In base 16, what is -4c3d + -3b?
-4c78
In base 5, what is -2 + -1131304?
-1131311
In base 4, what is 1210 - -30?
1300
In base 5, what is 314 - 11431?
-11112
In base 6, what is -101 + 43520?
43415
In base 15, what is 4 - 1963?
-195e
In base 9, what is -6526 - 2?
-6528
In base 14, what is -120393 - -3?
-120390
In base 16, what is -16 - -19c4?
19ae
In base 4, what is -2122130121 - -13?
-2122130102
In base 7, what is -143 + 24621?
24445
In base 6, what is -15100 + 21?
-15035
In base 9, what is -10557 + -574?
-11242
In base 4, what is 313213120 - -11?
313213131
In base 11, what is -3420 + -3?
-3423
In base 3, what is -1012020022001 + 12?
-1012020021212
In base 16, what is -1120 - -3?
-111d
In base 16, what is 3 + 4e1ee?
4e1f1
In base 13, what is -117 + 25?
-c2
In base 16, what is -2ab01d + 1?
-2ab01c
In base 13, what is -36 + -1997?
-1a00
In base 5, what is 10 + -12040?
-12030
In base 2, what is 1000100001111111011 - -11?
1000100001111111110
In base 14, what is 38 - -b?
45
In base 9, what is 57 - -667?
735
In base 8, what is 5 + -63432?
-63425
In base 13, what is 5cc1b - 5?
5cc16
In base 6, what is -33 - -105340?
105303
In base 6, what is 31254 + -4415?
22435
In base 15, what is 5 - 12a720?
-12a71a
In base 14, what is 0 + 9243b?
9243b
In base 8, what is -4 + -332565?
-332571
In base 3, what is 1212 - 10010022?
-10001110
In base 4, what is 21 + 123020?
123101
In base 6, what is 22251301 - -10?
22251311
In base 6, what is 153554 + 5?
154003
In base 15, what is adc + -13?
ac9
In base 8, what is 2 - -71476?
71500
In base 15, what is 14 + -13cb?
-13b7
In base 14, what is -46 + -5d3?
-639
In base 11, what is -76 - -1741?
1676
In base 8, what is -124766 - 1?
-124767
In base 12, what is -31 + 5505?
5494
In base 8, what is 4 - -17631?
17635
In base 6, what is -33301 + -14?
-33315
In base 10, what is -112693 + -8?
-112701
In base 10, what is 6331 - -7?
6338
In base 3, what is 12 - 12022211022?
-12022211010
In base 9, what is -4 - 38133?
-38137
In base 3, what is 2001021110 + -20?
2001021020
In base 7, what is 1424 - 1226?
165
In base 10, what is 109 - -387?
496
In base 16, what is -b + -37f3?
-37fe
In base 7, what is 25633163 + -5?
25633155
In base 2, what is -11111 - 1000000010?
-1000100001
In base 15, what is 1099 + 8?
10a2
In base 14, what is 2 - -2da09?
2da0b
In base 13, what is 3 + 3c17?
3c1a
In base 15, what is -10 + -1084?
-1094
In base 6, what is -3 - -11032230?
11032223
In base 16, what is 3437 + 9?
3440
In base 7, what is -4015 + -15?
-4033
In base 5, what is -121124 + 43?
-121031
In base 9, what is -85 + 2163?
2067
In base 7, what is 140325 - 3?
140322
In base 14, what is b - -297a1?
297ac
In base 6, what is -54 + -1114?
-1212
In base 5, what is -124223001 - -10?
-124222441
In base 9, what is -13 - -102208?
102185
In base 10, what is -1639 - 17?
-1656
In base 12, what is -27 + -208a9?
-20914
In base 11, what is -12866 + 3?
-12863
In base 14, what is b6ad5 + -4?
b6ad1
In base 14, what is -4645 + -1?
-4646
In base 8, what is -13 + -3141?
-3154
In base 6, what is 0 + 3130020?
3130020
In base 6, what is 413 - -21242?
22055
In base 16, what is 116bc + -3?
116b9
In base 11, what is 104 + 12704?
12808
In base 2, what is 1111110110101 + 101?
1111110111010
In base 3, what is 10001 - 122?
2102
In base 7, what is 2605 + 1440?
4345
In base 15, what is 0 + 4a29?
4a29
In base 8, what is -33 + 2271?
2236
In base 12, what is -72333 + 3?
-72330
In base 9, what is 6 + -58157?
-58151
In base 12, what is -4 + 1a99?
1a95
In base 4, what is -1010 + -33100?
-100110
In base 13, what is 3c37 + -c?
3c28
In base 8, what is 4 - 3050704?
-3050700
In base 15, what is 26947 - 5?
26942
In base 12, what is 2 + -1624?
-1622
In base 7, what is -202 + -12?
-214
In base 10, what is 14689 - 6?
14683
In base 14, what is 0 + -176028?
-176028
In base 2, what is 1 - -100010010?
100010011
In base 8, what is -265417 + -5?
-265424
In base 4, what is 30 + 2302103?
2302133
In base 2, what is -101001110100101110 + -11?
-101001110100110001
In base 16, what is 15e30 - 16?
15e1a
In base 14, what is 188 + -203?
-59
In base 10, what is -17 - -128?
111
In base 8, what is 106 - -5642?
5750
In base 15, what is -1b741 - 5?
-1b746
In base 9, what is -453 + 236?
-216
In base 7, what is -3041 + 36?
-3002
In base 5, what is -10 - -320123?
320113
In base 7, what is -12100 + -11?
-12111
In base 3, what is -2101120020 - 1?
-2101120021
In base 9, what is 108 - 1082?
-873
In base 2, what is -10001 + -101011111111?
-101100010000
In base 13, what is a0 - -1?
a1
In base 2, what is -10111011010 - -11000?
-10111000010
In base 7, what is -1 + -31603?
-31604
In base 7, what is -524352 - 4?
-524356
In base 2, what is 10001110110 - -1100001010?
11110000000
In base 5, what is -3104 + 210011?
201402
In base 10, what is -12 + 294?
282
In base 7, what is 103 - 33252?
-33146
In base 9, what is -78 - 70478?
-70567
In base 5, what is 214313 - -312?
220130
In base 12, what is 27 - a57?
-a30
In base 7, what is -1 - 50135?
-50136
In base 13, what is -499b + 25?
-4976
In base 13, what is 8182 - 0?
8182
In base 4, what is 1 - -112333103?
112333110
In base 15, what is -ba3c96 - 3?
-ba3c99
In base 9, what is 415565 - -5?
415571
In base 7, what is 1326 + -11653?
-10324
In base 16, what is 11 + 1fac?
1fbd
In base 11, what is -557 + 15?
-542
In base 14, what is -1 - -7086?
7085
In base 9, what is -21 - 78?
-110
In base 13, what is 12543 - -3?
12546
In base 7, what is 5 - 1236140?
-1236132
In base 13, what is -9bc3 + 7?
-9bb9
In base 6, what is 3 - -2322333?
2322340
In base 4, what is -31003032 + 11?
-31003021
In base 14, what is -61 - -2c?
-33
In base 13, what is -8c004 - -5?
-8bccc
In base 8, what is 17 + -152222?
-152203
In base 3, what is -2020 + 21220?
12200
In base 15, what is 13 + -2c4e7?
-2c4d4
In base 12, what is 44a + 393?
821
In base 3, what is 1220100022 - 10100?
1220012222
In base 2, what is 101011110000011 + 1110?
101011110010001
In base 7, what is 261 + -5230?
-4636
In base 3, what is -10212 + 1021110?
1010121
In base 11, what is 1 + 3096a3?
3096a4
In base 11, what is 317a1 - 14?
31788
In base 6, what is 1232222 + 15?
1232241
In base 5, what is 10203402 + -120?
10203232
In base 16, what is 4 - -1029?
102d
In base 5, what is -114 + -111143?
-111312
In base 4, what is 3301 + 21202?
31103
In base 4, what is -1 - 20321123?
-20321130
In base 11, what is 62 - -1a21?
1a83
In base 5, what is 303311 + -302?
303004
In base 6, what is -5 + 150044?
150035
In base 3, what is 1110220011 - -10?
1110220021
In base 15, what is 550697 + -3?
550694
In base 3, what is 12 + 2202122201?
2202122220
In base 6, what is 12 - -242104?
242120
In base 4, what is 22130330113 - 10?
22130330103
In base 2, what is -11 - -101011100000110101?
101011100000110010
In base 10, what is -4 + 10290?
10286
In base 5, what is -10 + 323032333?
323032323
In base 13, what is 2348 - -1?
2349
In base 13, what is -2 + -113a5?
-113a7
In base 7, what is 3 - -2104222?
2104225
In base 8, what is -6 - 12211?
-12217
In base 14, what is 6 - -126149?
126151
In base 15, what is -3780 + e?
-3771
In base 11, what is 4 